the highest common divisor of 80 and v.
16
Let t be (-20)/6*(0 - -3). Let b = t + 13. Suppose b*r - 21 = 33. Calculate the highest common divisor of r and 144.
18
Suppose 10*j - 96 = 154. Calculate the highest common divisor of j and 75.
25
Let x be ((-5)/(-10))/((-5406)/(-540) - 10). Suppose 0 = -4*a - 4*o + 28, -1 = -2*a + 3*o + 3. What is the highest common factor of a and x?
5
Suppose 4*a + 4*y = 44, -2*a + 40 = 3*a + 2*y. Let b(s) = -2 - s + 13*s - s**2 - 2*s. Let g be b(a). What is the highest common divisor of 55 and g?
11
Let l be ((-9)/2)/((-4)/232). Calculate the greatest common factor of l and 58.
29
Suppose 5*u - 73 - 527 = 0. Calculate the greatest common divisor of u and 200.
40
Let j be -2*6*(-4 - -6 - 6). What is the greatest common divisor of j and 48?
48
Suppose -2*q + 6 = a - 3*a, 4 = 2*a. Let t be (-122)/(-18) + ((-20)/(-18))/q. Calculate the greatest common factor of 49 and t.
7
Suppose -2*g - 23 = -135. Suppose 0 = 3*s + 2*s + 2*x - 2100, x = 0. Let k be ((-8)/(-20))/(2/s). What is the highest common factor of g and k?
28
Let c(r) = 2*r**3 + r**2 - 2*r + 162. Let v be c(0). Calculate the greatest common factor of 81 and v.
81
Let v(m) = m**3 - 3*m**2 - 6*m - 16. Let b be v(5). What is the highest common factor of b and 27?
1
Let k(p) = -2*p**2 + 6*p + 2. Let i be k(-5). Let d = i + 81. Let o = -13 - -22. What is the highest common factor of d and o?
3
Let l(i) = 72*i**2 - 4. Let j be l(2). Suppose -4*s - 372 = j. Let o be (-18)/(-63) + s/(-14). What is the highest common divisor of o and 84?
12
Let x(t) = 3*t + 142. Let h be x(-32). What is the highest common factor of 1150 and h?
46
Let p = -84 + 52. Let q be (-153 - -3)/(24/p). Let v be (150/(-3))/(-1 + -1). What is the highest common factor of q and v?
25
Let k = 23 + -21. Let p(r) = -2*r**3 - r**2 + r + 1. Let o be p(k). Let d = 34 + o. Calculate the greatest common factor of 68 and d.
17
Let u(w) = 11*w. Let g be u(1). Let o(c) be the first derivative of 4*c**2 - 13*c + 13. Let p be o(3). Calculate the greatest common divisor of g and p.
11
Let g(j) = -5*j + 5. Let p be g(-5). Let q = -363 - -236. Let a = -7 - q. Calculate the greatest common factor of a and p.
30
Let n(v) = 2*v**2 + 4*v - 3. Let s be n(4). Let w(x) = -x**2 + 3*x + 16. Let b be w(6). Let l be (3 + b + 0)*s. What is the highest common divisor of 15 and l?
15
Suppose j = -2 + 12. Let r = -1 + j. Suppose -15 = -b + r. Calculate the highest common divisor of 12 and b.
12
Let j(d) = 3*d**2 + 8*d - 16. Let u be j(5). Calculate the greatest common factor of u and 66.
33
Let l(v) = -30*v - 204. Let z be l(-12). What is the highest common factor of 52 and z?
52
Let n(w) = 2*w**2 - 41*w + 29. Let x be n(22). Let v be 2/6 + (-226)/(-6). What is the highest common factor of v and x?
19
Suppose 4*x = -5*c - 1 - 2, 5 = -3*c - 4*x. Let z = c - 1. Suppose -3*u - 5*j = 7, z = 3*u - 2*j - 2*j - 38. What is the greatest common divisor of u and 42?
6
Suppose 5*k - 248 = -6*i + 3*i, 5*k = -5*i + 240. Let w = 20 + 6. What is the highest common divisor of w and k?
26
Let b(l) = -l**2 - 72*l - 512. Let v be b(-62). Suppose 5*x - 180 = -3*s, -2*x = x - s - 108. What is the highest common factor of x and v?
36
Let c be ((-3)/(-2))/(3/92). Let q be (0 - 1)/((-2)/682). Suppose 0 = -5*w + 2*b + q, w + 2*b + 9 = 82. What is the highest common divisor of w and c?
23
Suppose s - 13*j + 14*j - 14 = 0, 0 = -4*s - j + 65. Calculate the greatest common factor of 1 and s.
1
Let f = 3 - -1. Suppose -14 = -2*s + f*v + 14, 4*s = -3*v + 89. Let z be 0 - -3 - -5 - 3. Calculate the highest common divisor of s and z.
5
Suppose -r - 324 = -5*r. Suppose -12*n + 11*n = -36. Suppose r + n = 3*b. What is the highest common divisor of b and 26?
13
Let c = -1236 + 1949. Calculate the greatest common factor of 31 and c.
31
Suppose 0 = 7*b - 11*b + 292. Let h = b + -69. What is the greatest common factor of 8 and h?
4
Suppose h + 119 = 7*p - 6*p, 0 = -3*p - 2*h + 367. What is the greatest common factor of 44 and p?
11
Let f = -781 - -797. Suppose -1665 = q - 4*q. Suppose -3*l + 557 = 3*p + 2*p, 5*p + 5*l = q. Calculate the highest common factor of p and f.
16
Suppose 15*d - 8*d - 203 = 0. What is the greatest common factor of d and 783?
29
Let k be -3*2 + (2 - 3). Let h be k*(-3)/(3 - 0). Calculate the highest common factor of 1 and h.
1
Let w = 71 + -38. Let k = 45 - w. Calculate the greatest common divisor of k and 4.
4
Let p be (-10)/((9/(-12))/3). Suppose -4*d - d + p = 0. Suppose 3*x - 2*g = 382, -3*g - g - d = 0. What is the highest common divisor of x and 18?
18
Let p(r) = -r**2 + 2*r + 2. Let h be p(2). Let l = -13 - -16. Suppose -4*w + l*j = -14, h*j = 4*j - 4. Calculate the highest common factor of w and 5.
5
Let r(t) be the third derivative of -23*t**4/12 + t**3/3 - 4*t**2. Let y be r(-1). Calculate the greatest common factor of 12 and y.
12
Let t(o) = -21*o - 2*o + 4*o + 0 - 2. Let z be t(-2). Let i = -35 + 53. Calculate the greatest common divisor of z and i.
18
Let m = -3307 + 3308. Suppose 3*k - 9 = -0*k. What is the greatest common factor of k and m?
1
Let r(q) = 11*q**2 - 541*q + 112. Let v be r(49). Suppose 0 = 5*n - 41 - 29. Calculate the greatest common divisor of n and v.
14
Let g be (-4)/(-16) - 126/(-8). Suppose -5*f = 2*j - 74, -5*f + 86 - 15 = 3*j. What is the greatest common factor of g and f?
16
Let a = 18 - 88. Let s = a + 124. Calculate the greatest common divisor of s and 135.
27
Suppose 9*w - 220 = 4*w. What is the highest common factor of w and 286?
22
Suppose -3*m - 4*q - 33 = 0, 5*q + 4 = 3*m + 10. Let t = 10 + m. Suppose -t*g + 42 + 108 = 4*c, -3*c = 0. Calculate the highest common factor of 20 and g.
10
Suppose -5 = -3*z - 2*h, -4*z - 2*h = z - 15. Suppose 0*i = z*i - 15. Suppose v + 6 = i*v. Calculate the greatest common factor of v and 21.
3
Suppose 0*r - 176 = -22*r. Let s = -58 + 146. Calculate the highest common divisor of s and r.
8
Let u = 149 - 69. What is the highest common divisor of u and 200?
40
Suppose 18*h - 182 = -2*i + 15*h, -i + 93 = 2*h. Calculate the highest common factor of 34 and i.
17
Suppose -2*k + 588 = -2*f, 299*k - 4*f - 879 = 296*k. Calculate the highest common factor of 176 and k.
11
Let t be (-9*8/(-12))/(-5 - -6). What is the highest common divisor of 12 and t?
6
Let u = -846 + 860. Calculate the greatest common divisor of u and 8.
2
Let n = 117 + -103. Let k be 972/28 - 4/(-14). What is the highest common factor of k and n?
7
Suppose 2*g + g - 1485 = 0. Let j be (g/(-30))/(3/4). Let u = 28 + j. What is the highest common divisor of 66 and u?
6
Let w be (-11)/((-44)/(-8))*-1. Suppose -8*l - w*l + 200 = 0. What is the highest common factor of l and 50?
10
Let u(l) = l**3 - 7*l**2 + 4*l - 3. Let i be u(9). Suppose 2*v + 123 = 4*o - 29, 0 = 4*o + 2*v - 160. Calculate the greatest common factor of i and o.
39
Let f(k) = k**3 - 6*k**2 - 4*k + 9. Let m be ((-3 - 28/(-8)) + 3)*2. Let w be f(m). Calculate the highest common factor of 40 and w.
10
Let m = -150 - -280. What is the greatest common divisor of 10 and m?
10
Suppose 19*y - 18 - 210 = 0. What is the greatest common divisor of 69 and y?
3
Let a be (-2)/(-3) + 6*15/27. Suppose -6*n = -2 - 22. Calculate the highest common factor of a and n.
4
Suppose -5*j + 10 = 2*y, 5*j - 25 = -3*y + 4*y. Let s be j*69*(-3)/(-36). What is the highest common factor of 161 and s?
23
Let f be (-1)/(-3)*3 + 3. Suppose -f*l = 2*c + 4, -4*l = -2*c + 12 - 0. Let v be l/12 + (-870)/(-36). Calculate the highest common divisor of v and 6.
6
Let g = -12 - -30. Suppose -87*k + 83*k = -224. Suppose 0 = 7*x + k - 434. Calculate the highest common divisor of g and x.
18
Let a be ((-4 - (-55)/10) + 1)*18. Calculate the greatest common divisor of a and 18.
9
Let b(i) = -5*i + 7. Let x(f) = 6*f - 8. Let h(v) = -7*b(v) - 6*x(v). Let a be h(-14). Calculate the highest common factor of a and 104.
13
Suppose -3*g = 3*p - 6, 16*p - 14*p - 10 = -5*g. Let j(u) = -u**3 + 0*u**3 + 4 - u + 59. Let f be j(p). Calculate the highest common divisor of f and 9.
9
Suppose 0*d + 96 = 2*i - 5*d, -i + 51 = -d. Let x = i + -49. What is the greatest common factor of x and 4?
4
Suppose -l = -2*l + f - 672, -3*f - 676 = l. Let t = -75 + l. Let s be 1/(-2)*t/11. What is the highest common fa